ose 0 = -141*l + 5715758 - 315035. What are the prime factors of l?
38303
Let l be (3/(-6))/(1/4) + 5. Let y = 10 - 5. Suppose l*c + 5 = 2, -y*c = 4*s - 475. What are the prime factors of s?
2, 3, 5
Suppose -226*j + 3448400 = 18*j - 59*j. What are the prime factors of j?
2, 5, 233
Suppose 0 = 46*j - 31*j - 1860. Let d = j - -168. What are the prime factors of d?
2, 73
Suppose -4*g + 1244 = -692. Suppose 0 = 7*w + 961 + 1426. Let r = g + w. List the prime factors of r.
11, 13
Let l(s) = 26*s**2 - 2*s + 7. Suppose 3*p - 18 = 2*h + 3*h, -h - 3*p = 18. Let d be l(h). List the prime factors of d/15 - (-2)/(-3).
3, 7
Let i(s) = -5*s**3 + 34*s**2 + 156*s - 29. List the prime factors of i(-15).
2, 29, 191
Let w = 290 - 288. List the prime factors of 24/(-16)*w/6*-692.
2, 173
Suppose 0 = -5*p + 15, -6*a - 5*p + 57 = -3*a. Let y(v) = v**2 - 12*v + 32. List the prime factors of y(a).
2, 3, 5
Suppose -4*m + 204 = 5*t, -t = -4*m - 17 - 19. Suppose 5*p + 5*g - 280 = 0, -p - 5*g + t = -0*p. List the prime factors of p.
2, 3, 5
List the prime factors of 1 + 20 - (-42721014)/743.
3, 7, 11, 83
Let z = -9069 + 13303. List the prime factors of z.
2, 29, 73
Let x(h) = 3*h - h**2 - 4*h + 8*h**2 + 313 - 8*h**2. List the prime factors of x(0).
313
Let j = -30839 - -44451. List the prime factors of j.
2, 41, 83
Let v = -12286 + 22622. List the prime factors of v.
2, 17, 19
Let j = -1945 + 3634. Suppose 2*n - j = -3*r, 24*r + 3381 = 4*n + 27*r. What are the prime factors of n?
2, 3, 47
List the prime factors of ((-468)/(-72))/((-5)/(-16510)).
13, 127
Let b = 24022 + -16687. List the prime factors of b.
3, 5, 163
List the prime factors of (-2571 + -65)*1/8*-38.
19, 659
List the prime factors of 1*(0 + -1015*(-1 - 2)).
3, 5, 7, 29
Let z(k) = k**3 - 38*k**2 - 169*k + 15. Let u be z(42). Let v = u - -1562. List the prime factors of v.
5, 307
Let c = 522 + -418. Let f = 363 + c. List the prime factors of f.
467
Let x be (-36)/(-6) + -13 + 7. Suppose x = 2*k - 360 - 108. What are the prime factors of k?
2, 3, 13
Let q(y) = 222*y**2 - 563*y - 43. What are the prime factors of q(-16)?
19, 3463
Let j(k) = 185*k**2 + 50*k + 408. What are the prime factors of j(-9)?
3, 17, 293
Let n be (-6741)/12 + 6/96*-4. Let g = 1207 - n. What are the prime factors of g?
29, 61
What are the prime factors of -2*(-2)/(-10) + 734*707/70?
3, 7, 353
Let j(i) = 6*i - 24. Suppose 5*h - 15 = 5*s, 11 = -5*s + 5*h - h. Let l be 25/5 + -4 + 5*s. What are the prime factors of j(l)?
2, 3
Suppose -3*r + 19164 = o, -47797 = -4*o - 4*r + 28803. List the prime factors of o.
3, 709
List the prime factors of ((-39525)/204)/(2/(-56)).
5, 7, 31
Suppose 41*h - 61*h + 609460 = 0. List the prime factors of h.
31, 983
Let i(g) = 3*g**2 + 34*g - 22. Let w be i(-12). Suppose 2*j - 2*k = w, 2*k - k = -5*j + 11. List the prime factors of j.
2
Suppose -19*q + 910 = -24*q. Let u = 392 + q. Suppose -12*t - u = -14*t. List the prime factors of t.
3, 5, 7
Let q(w) = -134*w + 1590. What are the prime factors of q(11)?
2, 29
Suppose -5*k + 8 = -2. Suppose k*s = -2*s + 4. What are the prime factors of s + -4 + (1 - -72)?
2, 5, 7
Let h be ((-626)/(-3))/(22/231). Suppose 4*p = 11*p - h. What are the prime factors of p?
313
Suppose 7*c + 11 = 18. List the prime factors of 1017/c - (9 - 15).
3, 11, 31
Let s = 3085 - -1859. List the prime factors of s.
2, 3, 103
Suppose 690*i - 608*i - 4483678 = 0. List the prime factors of i.
54679
Suppose -43*p - 36 = -52*p. Suppose -2*j + 1052 = -4*z, 5*j - p*z - 2555 = -9*z. What are the prime factors of j?
2, 3, 43
Let q(p) = 14*p - 81. Let z be q(6). Suppose 0 = j - 2, z*x - j + 1143 - 3088 = 0. What are the prime factors of x?
11, 59
What are the prime factors of -5 - ((-4*5363/(-2))/(-1) + -4)?
3, 5, 11, 13
Let c(y) = -16*y**2 - 50*y - 7. Let t be c(9). Let s = 3639 + t. List the prime factors of s.
2, 23, 41
Suppose -3*k = 4*y + 21, 3*y + 2 - 5 = 4*k. Let r be 2/k - 40/(-15). Suppose 984 = r*q + 6*q. What are the prime factors of q?
3, 41
What are the prime factors of 13370/(9*28/126)?
5, 7, 191
Let g(v) = v**2 - 2*v + 3. Let p be g(3). Suppose -t - 110 = -p*t. Suppose -74 = -h - t. List the prime factors of h.
2, 13
Let z(a) = -17*a + 7. Let s be z(2). Let w be ((-8)/(-6))/((-33)/s + -1). Suppose -h + 2*p = -26, -h - 108 = -w*h - p. What are the prime factors of h?
2, 11
Let k = 20854 + -5372. List the prime factors of k.
2, 7741
Let n be 4499/13 + 75/(-975). Suppose -5*o = -w + n, 0 = 5*w + 3*o - 5*o - 1799. List the prime factors of w.
19
Let p(u) be the first derivative of -45*u**2/2 - 23*u + 156. What are the prime factors of p(-14)?
607
Let c = 2 + 6. Suppose -7*r - 4*f + 58 = -0*f, -5*r = 3*f - 42. Suppose r*m + 4*s = c*m - 138, s - 4 = 0. What are the prime factors of m?
7, 11
Suppose w - 3*m = 8, 0 = 4*w + 3*m - 2. Suppose -s + 4 + 6 = 3*v, 5*s = v + w. List the prime factors of (-1 + (-3)/15)/(v/(-300)).
2, 3, 5
Suppose -24*l = -309640 - 305504. What are the prime factors of l?
19, 71
Suppose -3*o - 6 = -5*o. Suppose 0*m = o*m - 207. Suppose 3*j - 207 - m = 0. What are the prime factors of j?
2, 23
Suppose -164865 - 538052 - 195253 = -39*p. What are the prime factors of p?
2, 5, 7, 47
List the prime factors of ((-1093)/(-4))/((-6 - (-1095)/84) + -7).
7, 1093
Let y(j) = -4*j - 12. Let o be y(-6). What are the prime factors of (o/(-16))/(-1)*4 - -240?
3
Suppose -3*r - 164 - 118 = 0. Let c be (5 - 168) + (-12)/4. Let a = r - c. List the prime factors of a.
2, 3
Let o(f) = 9*f + 30. Let x(t) = -44*t - 150. Let c(a) = 14*o(a) + 3*x(a). Let l be c(-10). What are the prime factors of (-24 + 2)*l/(-4) + 2?
167
Let s be -6 + 1 + (-6)/2. Let w be (351/36)/(3/s). Let v = -24 - w. List the prime factors of v.
2
Suppose 7*y - 2*a - 142 = 2*y, -8 = -2*a. What are the prime factors of ((-186)/(-5))/(6/y)?
2, 3, 31
Let g(m) = -107*m**3 + 8*m**2 - 4*m - 152. List the prime factors of g(-7).
3, 12323
Let r(y) = 120*y**2 - 13*y + 45. What are the prime factors of r(-6)?
3, 1481
Let s = 6226 + -5351. What are the prime factors of s?
5, 7
Let u = -6285 + 16725. What are the prime factors of u?
2, 3, 5, 29
Suppose -8*l + 54966 = -6*l - 4*a, a + 54978 = 2*l. What are the prime factors of l?
37, 743
List the prime factors of 180/72*(-10162)/(-5).
5081
What are the prime factors of (-42)/(-3 + 3364/1124)?
3, 7, 281
Let i be 56/(2 + 2) - (11 + -6). Suppose i*d - 1966 = 3452. What are the prime factors of d?
2, 7, 43
Let h = -216 + 209. Let n(c) = 10*c**2 + 29*c + 92. What are the prime factors of n(h)?
379
Suppose s = -2*p - 376, -5*p = 2*s + 2*s + 1510. Let b = -243 - s. List the prime factors of b.
137
Let d(h) = 85*h - 48. Let w be -12*(-8 + (-23)/(-3)). What are the prime factors of d(w)?
2, 73
Let f(v) = -5 - 28*v + 6*v**2 + 13*v**2 - 1 - 1. List the prime factors of f(3).
2, 5
Suppose 3*o + 5 = -7. Let h be 1/(o/(-12)) - -1. Suppose h*n = 2*q - 68, -2*n = -q - 3*n + 43. List the prime factors of q.
2, 5
Let v(c) = -2*c - 15. Let i be v(-6). Let n be 27/(-63) + i/(-7). Suppose 32 = y - 2*j, 5*y + n*j - 4*j - 178 = 0. What are the prime factors of y?
2, 19
Suppose 4*t + 0*t = 80. Let f be 2 + (36/(-5) - (-4)/t). List the prime factors of (-630)/f + (-1 - 0).
5
Suppose 2*k + 21 - 35 = 0, 3*n - 18496 = 2*k. What are the prime factors of n?
2, 5, 617
Let w(k) = k - 30. Let l be w(70). Suppose v - 2*t = -2*v + 159, t = -5*v + 265. Suppose -y + l = -v. List the prime factors of y.
3, 31
Let k = 1001 + -997. Suppose 480 = x + 2*w - 376, 4*w - 3436 = -k*x. What are the prime factors of x?
2, 431
Suppose 0 = 5*b + 2*n - 764 + 34, 5*b + n - 730 = 0. Let x = -141 + b. Suppose -5*k = -f - 11 + 124, -x*f + 4*k = -565. List the prime factors of f.
113
Suppose -2*d = 2*u - 614, -5*d + 5*u + 326 + 1169 = 0. Let r = d - 286. List the prime factors of r.
17
Let y = 164 - -5011. List the prime factors of y.
3, 5, 23
Let n(x) = x**3 + 16*x**2 + 13*x - 26. Let f be n(-15). Suppose f*u - 349 = -101. List the prime factors of u.
2, 31
Suppose 5*d = -5*r + 42925, -2*d + 17170 = 34*r - 37*r. What are the prime factors of d?
5, 17, 101
Let k be (-52065)/(-24) - (-3)/(-8). Suppose 0 = -q + 2*y + 441, -3*q - 2*q + k = 2*y. What are the prime factors of q?
3, 5, 29
Suppose -3*x = -b - 8749, 3*x + 46*b - 43*b - 8757 = 0. What a